Let i be -5 - l - (1 + -2). Suppose h - 3*h - 5*y + 24 = i, -5*y = -5*h + 25. What is the units digit of h?
7
Let r be (14/(-10))/((-1)/5). Let o(j) = 7*j - 2. What is the tens digit of o(r)?
4
Suppose -n = -6*i + 2*i + 472, 4*n = 0. What is the tens digit of i?
1
Let b(h) = 3*h + 5. Let x be b(-4). Let d = 0 - x. What is the units digit of d?
7
Suppose 0*v = -4*v. Suppose v = 2*j - 4*s - 35 - 21, 2*j + 3*s - 56 = 0. What is the tens digit of j?
2
Suppose 5*v = 717 + 123. Suppose -11*z + v = -5*z. What is the units digit of z?
8
Suppose -4*v + 10 = -2*z + 4*z, -4*z + v + 56 = 0. What is the units digit of (-1 - 35)*z/(-26)?
8
What is the tens digit of (-21505)/(-138) - 1/12*-2?
5
Suppose -4*y = -3*y - 3*d - 9, 4*y + 49 = -5*d. Let a = y - -6. Suppose -5*u - 3 + 43 = a. What is the units digit of u?
8
What is the tens digit of 1428/70*((-34)/(-6) + 1)?
3
Suppose 4*b - 50 = -b. What is the units digit of b?
0
Let p(a) = 2*a**3 - 5*a**2 + 3*a + 2. Let k be p(4). Suppose -k = -4*h - 2*v - 22, -2*v - 8 = 0. What is the tens digit of h?
1
What is the tens digit of (1088/4 - 2) + -4?
6
Let w be (-2)/(-2) - (0 + 2). What is the units digit of 2/w + -5 + 11?
4
Let g = 18 + -10. Let r be (-9)/12 - 2/g. Let m = r - -8. What is the units digit of m?
7
Let s = 1 - 3. What is the units digit of s/10 + (-156)/(-30)?
5
What is the units digit of 23 - (1 - (-3 - -1))?
0
Suppose 0 = 3*d + 2 + 22. Let v(s) = -s - 2. What is the units digit of v(d)?
6
Suppose -2 + 110 = 2*d. What is the tens digit of d + ((-12)/(-4))/1?
5
Let s(x) = -10*x + 2*x + 4*x - x - 3. Let o be -1*1 - (3 - 0). What is the tens digit of s(o)?
1
Suppose 36 = -29*v + 31*v. Let j be (-5 - -1) + (-6)/(-3). What is the units digit of (j - 0)/((-4)/v)?
9
Let f = 1 + 2. Let l = f - -1. Suppose l*j = -j + 35. What is the units digit of j?
7
Let p(s) = -s**3 - 11*s**2 - 11*s - 8. Let h be p(-10). Suppose -q + h*w + 3 + 11 = 0, 2*q - 31 = 5*w. What is the units digit of q?
8
What is the tens digit of (8/(-20))/((-1)/180)?
7
Let b = -2 + 19. What is the units digit of b?
7
Let o(f) = -5*f - 10. What is the tens digit of o(-6)?
2
Suppose 4*f + 40 = 4*l - 0*l, -4*l - 4*f = 0. What is the units digit of l?
5
Let u = -37 + 57. What is the units digit of u?
0
Let s(u) = -u**3 + 5*u**2 + 4*u + 8. Let p be s(6). What is the units digit of (18/4)/(p/(-24))?
7
Let d be 1/(-3) - 20/(-6). Let x = d + -5. What is the units digit of (x/5)/((-1)/15)?
6
Let d be (54/6)/(6/4). Let i be ((-4)/6)/(d/9). What is the units digit of i*(0 - (0 - -2))?
2
Let p be 2 - (3 - (1 - 1)). What is the units digit of (12/8)/(p/(-4))?
6
Let t be (-14)/(-8) + 2/8. Let b be ((-33)/(-6) + -1)*t. Let z = b - -5. What is the tens digit of z?
1
Let z(g) = 9*g**3 - 15*g**2 + 3*g + 4. Let i(b) = 4*b**3 - 8*b**2 + 2*b + 2. Let j(n) = 7*i(n) - 3*z(n). What is the units digit of j(11)?
7
Let k = 23 - 8. Let o = k - 10. Let i = o + -1. What is the units digit of i?
4
Let l(k) = 2*k - 4*k + k**2 - 5 - k + 2*k. What is the units digit of l(-4)?
5
Suppose 0*l = 2*l - 4. What is the tens digit of l/(4/(-30))*-1?
1
Let d(w) be the first derivative of -w**2/2 + 5*w - 1. Let y be d(5). Suppose -x - 2*x + 21 = y. What is the units digit of x?
7
Let f(o) be the third derivative of o**6/360 - o**5/120 - o**4/12 - o**3/2 + o**2. Let u(r) be the first derivative of f(r). What is the units digit of u(4)?
0
Suppose 61*y = 68*y - 497. What is the units digit of y?
1
What is the hundreds digit of -3*(-5)/(-30)*-554?
2
Let h = 34 - 53. Let g = 28 + h. Let x = g - -5. What is the units digit of x?
4
Suppose 0 = 4*b + b + 75. Suppose 0 = -2*u - 3*g, -g = 5 - 1. What is the units digit of 5 + (-5)/(b/u)?
7
Let s(v) = 2*v**2 + 4*v + 3. Let z be s(-2). Suppose 9 - z = 3*n. What is the units digit of n?
2
Let q(u) be the second derivative of u**5/20 + u**4/6 + u**3/6 - u**2/2 + 2*u. What is the units digit of q(2)?
7
Let h(f) = 4*f**2 - 5*f + 1. Let p(b) = 5*b**2 - 6*b + 2. Let q(k) = 4*h(k) - 3*p(k). Let d be q(3). Let v(w) = 11*w + 1. What is the tens digit of v(d)?
1
Let o(r) = 36*r**2 - r + 1. What is the tens digit of o(1)?
3
Let z(b) be the first derivative of b**3/3 - b**2/2 + 1. Let j be z(-1). What is the units digit of (6/3 + 0)*j?
4
Let p(o) = o**2 - 1 - 2*o - 5*o - 1 - o. Let c be p(8). What is the units digit of (0 + -3 - c)*-10?
0
Let q(r) = -3*r - 10. Let w be q(-4). Suppose 5*o = 4*t - 143, t + 2*t + w*o - 136 = 0. What is the units digit of t?
2
Suppose 8 = -4*d, 2*d - 5*d = -2*o + 92. Let r be 4/6*3*2. Suppose -3*u - 4*m = -20, u = -r*u + 3*m + o. What is the units digit of u?
8
Let h be 5/((-1)/2 - 0). Let g(b) = -b**3 + 7*b**2 - 12. Let i be g(7). What is the units digit of (-96)/h - i/(-20)?
9
Let q be (1 - 0)*(-30)/(-2). Suppose 0*v = 3*v - q, 2*v = t + 5. What is the units digit of t?
5
Let u(j) = 13*j**2 - j - 1. Suppose -2*z - 4 = -0*z. Let c be (1 + -3)/z - 2. What is the tens digit of u(c)?
1
Suppose y - 5*u = 124, -2*y = -4*y - 3*u + 183. What is the units digit of y?
9
Let t(j) be the third derivative of j**5/60 + j**4/6 - 5*j**3/6 + j**2. What is the units digit of t(-7)?
6
Suppose -4*a + 2*p = 30, -p - 12 = 2*a - 3*p. Let x be (30/a)/((-2)/3). Suppose 3*l - 4*f = 51, l + 24 = 4*l + x*f. What is the units digit of l?
3
Let a = 2 - -40. What is the tens digit of a?
4
Let c be (-1)/1*(1 + -1). Let l = c + 11. What is the tens digit of l?
1
Let h = -9 + 12. Suppose -2*t - 73 = -3*o + 3*t, 3*t + 63 = h*o. Let v = -5 + o. What is the tens digit of v?
1
Let b be 67 - (-3 - (-2)/1). Let r = b + -41. What is the units digit of r?
7
Suppose -10*c + 2*c + 1760 = 0. What is the hundreds digit of c?
2
Let o = 5 - 1. Let v = o + 2. What is the units digit of v?
6
Suppose 0 = -3*s + 6*s - 153. What is the tens digit of s?
5
Suppose -a + 0 = 3. Let v(n) = 2*n**2 + 2*n - 3. Let w be v(a). Suppose -w*h + 4*h + 35 = 0. What is the units digit of h?
7
Suppose i + 29 = -2*i + 5*q, i + 43 = -5*q. What is the units digit of (-2)/9 - 40/i?
2
Suppose -4*m + 16 = 0, m = -8*l + 6*l + 642. What is the tens digit of l?
1
Let z = -12 + 33. Let d = 30 - z. Let q = -5 + d. What is the units digit of q?
4
Suppose 0*n - n + 12 = 0. Suppose v + n = 5*v. What is the tens digit of (4 + -2)/(v/15)?
1
Suppose 2*d - 12 = -2*d. What is the units digit of d?
3
Let s(l) be the third derivative of -13*l**4/12 - l**3/6 - 4*l**2. What is the units digit of s(-1)?
5
Let w(g) be the third derivative of g**6/120 - g**5/12 + g**4/6 - g**3/6 - 3*g**2. What is the units digit of w(5)?
9
Let z = 84 - 39. What is the tens digit of z?
4
Let v(n) = n**2 - 3*n + 4. Let b be (-54)/(-13) - (-20)/(-130). What is the units digit of v(b)?
8
Suppose 4 = 2*z + 2. Suppose 0*a + y - z = -2*a, 5*a - 6 = y. What is the units digit of a?
1
Let i = 1 + 3. Suppose 3*m = b + 47, -5*m + 3*b = -i*m - 5. What is the units digit of m?
7
What is the tens digit of 6/3*(-292)/(-8)?
7
Suppose 2*s + 36 = -0*s. What is the units digit of (-338)/s + 8/36?
9
Let t(s) be the third derivative of s**6/120 + s**5/12 - s**4/3 - 4*s**3/3 + s**2. Suppose -19 = 3*u + g, -u + 0*g = 2*g + 8. What is the units digit of t(u)?
4
Let u(k) = -5*k**3 + 3*k + 2. Let g(r) be the first derivative of r**4/4 - r**3/3 - r**2/2 - r - 3. Let m(p) = 4*g(p) + u(p). What is the units digit of m(-4)?
2
Suppose -2*d + 6 + 2 = 0. Suppose -5*y = w + 17, -23 = -5*w + d*y + 8. What is the units digit of w?
3
What is the units digit of ((-76)/(-8)*-2)/((-3)/9)?
7
Suppose 5*n - 51 - 24 = 0. What is the tens digit of n?
1
Let p(f) = -f**3 - 6. Let r be p(0). Let a = 2 - r. What is the units digit of (1/2)/(2/a)?
2
Let s(x) = x**3 - 5*x**2 - 5*x + 8. Let w be s(6). Let c = 10 + 12. Let t = c - w. What is the units digit of t?
8
What is the units digit of 4/6*(-75)/(-2)?
5
Let k = -6 + 20. Suppose 3*z + 4 = -5, -t - k = 5*z. Let u = t + 8. What is the units digit of u?
9
Let z be 6/2 + (2 - 2). Suppose z*w - 50 = -2*t, -w + t + 3*t = -12. What is the tens digit of w + (-4)/2 - 1?
1
Let c be (-428)/(-18) - (-6)/27. Suppose -4*z + z = -c. What is the units digit of z?
8
Suppose 2*o = -3*g - 10, 2*o + 2*o - 8 = g. What is the units digit of o?
1
Let d = -34 - -57. What is the tens digit of d?
2
Let f(l) = l**3 + 8*l**2 - 9*l + 12. Let v be f(-9). Let d be